nd 49.
7
Suppose 0 = 3*p - p - 24. Suppose -44 = 4*j - 200. Suppose -2*v - b - 2*b = -j, 3*v = 2*b + 26. What is the greatest common divisor of v and p?
12
Let s = -372 - -1190. Let m = s - 568. Suppose -p - 4*p = -m. What is the highest common factor of p and 5?
5
Suppose 2*t - 72 = 8. Calculate the greatest common divisor of 100 and t.
20
Suppose -15 = 5*v + 25. Let p be (-102)/v + (-1)/(-4). Let m = -338 - -455. Calculate the highest common divisor of p and m.
13
Suppose -5*l - 3*c + 190 = c, -4*c = 4*l - 148. Calculate the highest common factor of l and 6.
6
Let w(b) = -b + 3. Let u be w(-7). Calculate the greatest common factor of u and 25.
5
Suppose -2*h = -6*h + 64. Suppose 0 = a + 2*s - h, 0 = -0*a - 5*a + 5*s + 5. What is the greatest common factor of 2 and a?
2
Suppose -4*x - 39 = -135. Let l(u) = -u**3 + 12*u**2 - u + 17. Let b be l(12). Suppose -t - 12 = -b*t. Calculate the greatest common factor of x and t.
3
Suppose -4*m - 3*v + 5 = 0, 4*m - 2*v = -v + 9. Let w be 2/(-3) + 298/6. Let f = -35 + w. What is the greatest common divisor of m and f?
2
Suppose 13 = 5*h - 32. Let l = 7 + h. What is the greatest common factor of 24 and l?
8
Suppose 5 - 19 = -2*b. Calculate the highest common divisor of 56 and b.
7
Suppose 3*v = 2*y + 384, y - 100 = -2*v + 149. Suppose 3*t - 54 = -0*t. What is the greatest common factor of v and t?
18
Let r = 6 - 4. Suppose -4*h = -r*h - 18. Let k be ((-12)/h)/((-2)/12). What is the greatest common divisor of 4 and k?
4
Let c(t) = -t**3 + 2*t**2 - t. Let m be c(-3). Suppose -2 = -3*x + 4. Let g be ((-4)/(-5))/(x/30). What is the greatest common divisor of m and g?
12
Let h(z) = z**2 + 4. Let p be h(0). Suppose -45 = -5*b + 5*m, -p*b + 3*m + 36 = -0*m. Let l be b/15 - 4/(-10). What is the highest common divisor of l and 3?
1
Let p(k) = 4*k**2 + 6*k + 7. Let u be 4/16 + 46/8. Let z be p(u). Let h be (-16)/(2/(-2)) - -1. What is the greatest common divisor of z and h?
17
Suppose 0*m = 4*m - 16. Suppose -2*h + 3*x + 74 = -m*h, 0 = -4*h - 2*x - 140. Let z = 5 - h. Calculate the highest common divisor of z and 13.
13
Suppose -5*j + 15 = -175. Suppose 93 = f - z, -3*f + 2*z + 295 = 7*z. What is the greatest common factor of f and j?
19
Suppose -5*g - 5*y = -30, -3*g - 3*y + 26 = 2*g. Let x be (-23)/4 - (-1)/(-4). Let a = g - x. What is the greatest common factor of a and 110?
10
Let c(r) = -r + 25. Let m be c(19). Calculate the highest common divisor of m and 6.
6
Suppose 138 - 1758 = -9*n. What is the highest common divisor of n and 36?
36
Let c = -2 - -2. Suppose -2*m - 126 + 584 = c. Let p = m - 139. What is the greatest common divisor of p and 10?
10
Suppose 3*y - 2*y = -8. Let f = y + 26. What is the greatest common factor of f and 9?
9
Let w(k) = -k**3 + 5*k**2 + k. Let n be w(5). Suppose z = -n*m - 4, -2*z + 16 = 3*m + m. Calculate the greatest common divisor of z and 128.
16
Suppose -2*b = 5*w - 58 + 14, -3*b = -5*w + 34. What is the greatest common factor of w and 40?
8
Let w(x) = -2*x**2 + 10*x. Let u(n) = -2*n**2 + 11*n. Let q(i) = 4*u(i) - 5*w(i). Let y be q(4). What is the greatest common factor of 24 and y?
8
Let z = -43 - -93. Suppose 0 = -5*a - t + 92, 5*a = 3*t + 34 + z. Calculate the highest common factor of a and 198.
18
Let i be (-54)/(-7) - 4/(-14). Suppose -3*h + 114 = -78. What is the greatest common factor of h and i?
8
Suppose 0 = 6*f - 214 - 20. What is the highest common divisor of 13 and f?
13
Suppose -28 - 2 = -z. Suppose -2*h = 3*g - 139, -g - 3*h = -54 + 3. Calculate the highest common factor of g and z.
15
Suppose 23 = -6*s + 293. Suppose 5*t - 4*c = 150, 0 = 5*t - 5*c - 137 - 13. Calculate the highest common divisor of t and s.
15
Let q = -11 + 16. Suppose 58 = 3*g - 5*h, 2*g + 3*g - q*h = 100. Calculate the highest common divisor of 168 and g.
21
Let g(r) = r + 3. Let v be g(10). Calculate the highest common factor of 65 and v.
13
Suppose v - 298 = -3*k, 5*v - 161 = -4*k + 229. Suppose i + 3*i - 160 = 0. What is the greatest common divisor of i and k?
20
Suppose 40 = -5*w - 40. Let f be w/24 - 82/(-6). What is the greatest common divisor of f and 91?
13
Let w = 54 + -30. Calculate the greatest common factor of w and 8.
8
Suppose 0*u - 3*u + 54 = 0. Let r be 4/u + 1602/81. What is the greatest common factor of r and 4?
4
Let q be (36/(-90))/(4/(-90)). What is the highest common factor of 36 and q?
9
Let l(p) = -p**3 - 7*p**2 - 6*p + 7. Let c be l(-6). Suppose -n = 3*i - 4*i - 68, -2*i = 3*n - 179. Calculate the greatest common divisor of c and n.
7
Let m = 84 - 57. What is the greatest common divisor of m and 3?
3
Suppose -4 + 38 = 2*o. Calculate the greatest common divisor of 187 and o.
17
Let j = 44 - 20. Suppose 0 = 3*l - 7*l + 320. Suppose -5*s + l = -4*u, -2*s + 53 = 2*s - u. Calculate the greatest common factor of j and s.
12
Let w(g) = -4*g - 12. Let m be w(-8). Let j be (-1)/((-1)/142) + -2. Calculate the highest common divisor of j and m.
20
Let r = -11 + 7. Let p(y) = -5*y + 0*y - 2*y - 3 + y. Let v be p(r). What is the highest common factor of v and 7?
7
Let i(t) = -t**3 - 3*t**2 - t + 2. Let w be i(-3). Suppose -y - j = -w*y + 196, -5*y - j + 236 = 0. Calculate the highest common factor of 32 and y.
16
Suppose -9*w + 360 = -6*w. Let j = 18 + -3. What is the highest common factor of j and w?
15
Let a = 307 + -181. What is the highest common divisor of 14 and a?
14
Let g = 16 - 8. Suppose -2*x + 3*x - 1 = 0. Calculate the highest common divisor of x and g.
1
Let r be ((-2)/8)/(2/(-56)). What is the greatest common divisor of r and 7?
7
Suppose 10 = n + 2*h - 9, -3*h = 4*n - 66. Suppose 0 = -0*g + g - 197. Let l = g + -77. What is the highest common divisor of l and n?
15
Let y = 18 - 25. Let f = 5 + y. Let j be 0 + 4*(-3)/f. What is the greatest common divisor of j and 9?
3
Let m(s) = 2*s + 21. Let g be m(-9). What is the highest common factor of g and 2?
1
Let u = -106 - -186. Calculate the highest common divisor of 32 and u.
16
Let y = -2 - -18. Calculate the greatest common factor of 128 and y.
16
Let y be -1 + (3 - 4) + 2. Suppose -25 = -2*l - 3*u, y = -2*l - 4*u + 10 + 18. What is the highest common divisor of 1 and l?
1
Let f = -34 - -56. What is the highest common divisor of f and 55?
11
Let b(o) = -o**3 - 2*o**2 - 3*o + 3. Let s be b(-2). Let n(p) = p**3 + 10*p**2 + 8*p - 10. Let i be n(-8). Calculate the highest common factor of s and i.
9
Let a = 16 - 11. Suppose 29 = 3*m - m - a*k, 13 = m - k. Calculate the greatest common divisor of m and 132.
12
Suppose 0*t = 3*b + 4*t - 50, -4*b + 73 = -t. What is the highest common factor of b and 6?
6
Let w(s) = -4*s + 6. Let q be w(-2). Let x = 43 - 1. Calculate the greatest common factor of x and q.
14
Suppose 0 = d + 2*d - 5*t - 36, t + 38 = 5*d. Let u = 10 - d. Let b(j) = j**3 + 3*j**2 - 5*j - 1. Let i be b(-4). What is the greatest common factor of i and u?
3
Let v(i) = 2*i**2 - i. Let x be v(-2). Let f = x + -6. Let p be ((-12)/f)/((-2)/6). What is the highest common factor of p and 99?
9
Let b = 3 - -5. Calculate the highest common factor of b and 12.
4
Suppose 0 = -5*l + 1 + 9. Let j(y) = -3*y + 2. Let h be j(l). Let m be (-266)/(-63) + h/18. What is the highest common factor of m and 4?
4
Let g(o) = 4*o - 56. Let r be g(17). What is the highest common factor of r and 4?
4
Let j(z) = -28*z + 1. Let d be j(2). Let r = d - -143. Calculate the greatest common divisor of r and 8.
8
Let l be (16/(-6))/(4/(-6)). Suppose 30 = b + l*b. What is the greatest common divisor of 48 and b?
6
Suppose 3*m = 4*u - 2*m - 7, m + 5 = 2*u. Suppose -u*t + 22 = t - 2*q, 3*q + 9 = 0. Calculate the greatest common divisor of t and 44.
4
Let q be ((-2)/4)/(3/(-1566)). Let x be (-1)/(q/(-129) + 2). Let r = -30 + x. What is the greatest common divisor of r and 117?
13
Suppose 0 = -0*c - 3*c + 30. Let g(w) = 3*w + 13. Let a be g(-3). Calculate the highest common factor of a and c.
2
Let q be (54/4)/(1/2). Let r be (-178)/(-10) + (-6)/(-30). What is the greatest common divisor of q and r?
9
Let y(s) = s**3 + 5*s - 4. Let h be y(3). Suppose -6 - h = -4*f. Calculate the greatest common factor of 33 and f.
11
Let l(s) = 2*s**2 + s + 4. Let t be l(0). What is the greatest common divisor of 10 and t?
2
Let g be (-2)/7 - (-5688)/63. Suppose -g 